 What is the greatest common factor of g and 20?
10
Let u be 74/(-111) - (-244)/6. What is the highest common factor of 60 and u?
20
Let d(z) = 2*z**2 + 7*z - 22. Let r be d(-7). Calculate the highest common divisor of 108 and r.
27
Let m = -535 - -1386. Calculate the highest common factor of m and 23.
23
Let j = -30 + 18. Let t = 1 - j. What is the greatest common divisor of t and 169?
13
Let n = 56 - -73. What is the highest common factor of n and 172?
43
Let u = -1442 - -1458. Let w = 3 + 0. Suppose w*v - 12 = -0*v. Calculate the greatest common divisor of v and u.
4
Suppose i = 5*v - i + 95, -4*i = -4*v - 88. Let h = v + 22. Suppose -2*p + 110 = 5*z, -p = -h - 0. Calculate the highest common factor of z and 5.
5
Suppose -2*z - 22 = 2*n - z, 3*n - z = -43. Let w be 10 + n - 1*-21. Calculate the greatest common factor of w and 45.
9
Suppose 0*l = l. Suppose l = 2*v - 1 - 65. What is the greatest common divisor of 33 and v?
33
Suppose -162 = -3*i + p + 109, 0 = 2*i - 4*p - 184. Calculate the highest common factor of i and 3330.
90
Suppose 2*h - 212 = -4*s, 5*s - 4*s = -2*h + 47. What is the highest common factor of 33 and s?
11
Suppose 0 = -3*q - 0*q + 4*g + 31, 3*g = -3. Suppose -q*l + 144 = -261. Calculate the greatest common divisor of l and 180.
45
Let w(n) = n**2 + n - 2. Let t be w(0). Let u be 4*-1 + (-2)/(t/11). Calculate the greatest common divisor of u and 63.
7
Let n = 170 + -113. Calculate the highest common factor of 209 and n.
19
Let g(j) = 72*j + 24. Let f be g(4). Suppose -2*o + f = o. Calculate the greatest common factor of 13 and o.
13
Let b = 44 - -42. What is the highest common factor of b and 215?
43
Let k be 1*(-5)/(15/(-6)). Let u(n) = -2*n**3 + n**2 + n. Let t be 5/10*(-4 + 2). Let a be u(t). Calculate the highest common divisor of k and a.
2
Suppose 31*s - 120 = 28*s. What is the highest common divisor of s and 40?
40
Suppose -2*u + 3*f - 139 = 2*u, 4*f - 144 = 4*u. Let a = u + 64. Let d = a - 15. Calculate the highest common factor of 2 and d.
2
Let g = 589 - 540. Let o(a) = a**3 - 18*a**2 + 17*a + 7. Let b be o(17). What is the greatest common factor of b and g?
7
Suppose -3*m + 310 = -9*u + 11*u, -5*m = 2*u - 310. What is the greatest common factor of u and 124?
31
Let v = 134 - 109. Let z = -6 - -11. Calculate the highest common factor of v and z.
5
Let m = 143 - 63. Calculate the greatest common factor of 15 and m.
5
Let n = -24 - -27. Suppose 4*x - 2*x = -5*c + 31, -4*x + 13 = n*c. Calculate the greatest common divisor of 35 and c.
7
Suppose 0 = 3*v - 4*p - 185, 0 = p - 11 + 10. Calculate the highest common divisor of v and 70.
7
Suppose 4*a - 2*t - 234 = 0, -5*a = 4*t - t - 309. Suppose -q - q + a = 5*m, 0 = -3*q + 4*m + 90. Calculate the greatest common factor of 12 and q.
6
Suppose -7448 = 11*u - 21803. Calculate the highest common divisor of 45 and u.
45
Let u(t) = t**3 - 21*t**2 + 24*t - 14. Let c be u(20). Suppose -2*p = -c + 2. What is the greatest common factor of p and 8?
8
Let p be (2/(-4))/(26/(-416)). Suppose 0 = h - 30 + p. What is the highest common factor of h and 55?
11
Suppose -6*l + 312 - 264 = 0. Calculate the greatest common divisor of 14 and l.
2
Suppose 6*o + 54 = 264. Calculate the highest common divisor of 10 and o.
5
Suppose -4*l = -b + 20, 0 = 5*b - 24*l + 26*l - 56. Calculate the highest common factor of 21 and b.
3
Let l be ((-355)/(-7) - 3) + (8 - (-486)/(-63)). Let r = 251 - 179. What is the highest common divisor of r and l?
24
Let v be 1/(-5) - (-70)/(-25) - -1528. Calculate the highest common factor of 25 and v.
25
Let z = 1785 + -1766. Let t be 76 + (0 - 0/2). Calculate the highest common divisor of t and z.
19
Suppose -22*v + 17*v = 4*p - 512, -4*v = 4*p - 408. Calculate the highest common factor of v and 676.
52
Suppose 4*c + 3*o - 1482 = 0, 16*o - 1484 = -4*c + 12*o. Calculate the highest common divisor of 41 and c.
41
Let l be ((-6)/2)/((-12)/56). Calculate the highest common divisor of 1960 and l.
14
Let v(i) = -6*i - 3. Let g be v(-5). Let b(j) = -j - 2. Let y be b(5). Let x be (-55)/(-3) + y/21. Calculate the highest common factor of g and x.
9
Let l(d) = -4*d + 6. Let b be l(-8). Suppose t = -b + 45. Calculate the highest common divisor of 28 and t.
7
Let c = 546 - 525. Suppose m + 4*s = 64, -2*m - 47 = -s - 220. Calculate the greatest common factor of c and m.
21
Let d(s) = -s**2 - 47*s + 17. Let a be d(-47). Calculate the greatest common divisor of a and 374.
17
Let s(n) = n**3 + 21*n**2 + 19*n - 26. Let v be s(-20). Let i be (-189)/(-14)*(-8)/v. What is the highest common factor of i and 18?
18
Suppose 15*r = 16*r. Suppose -3*l + r = -6. Calculate the greatest common divisor of 16 and l.
2
Let b = -57 + 67. What is the highest common divisor of 10 and b?
10
Let f(k) be the first derivative of 117*k**2/2 + k - 2. Let u be f(1). Suppose 234 = 4*p - u. What is the greatest common divisor of 11 and p?
11
Let o(y) be the third derivative of -y**6/24 + y**4/6 + y**3/2 - 52*y**2. Let p = -2 + -1. Let x be o(p). Calculate the greatest common divisor of 18 and x.
18
Let o be (-5)/(-2) + 125/10. Calculate the greatest common factor of 480 and o.
15
Let a = 70 + -76. Let x be (-32)/a*(-144)/(-64). Suppose -2*h + 192 = -0*h. What is the highest common factor of x and h?
12
Let b(k) = -8*k - 1 - k**2 + 2*k + 0*k - 1. Let a be b(-5). Let s be (a - 40/12)*-12. Calculate the highest common factor of s and 12.
4
Let z(y) = 6 - 1 + 3*y + y**2 - 7. Let t be z(4). Let b = -17 + t. Calculate the greatest common divisor of b and 9.
9
Let z = 5 + -1. Let h(m) = 128*m - 1526. Let c be h(12). What is the highest common divisor of c and z?
2
Suppose -60 + 0 = 5*u. Let y(j) = j + 17. Let z be y(u). Suppose w + 4*w = 125. Calculate the highest common factor of w and z.
5
Suppose -g + 16 = -4*v - v, 0 = -5*g - 5*v + 20. Let p be 1*-3 + (5 - g) + 5. What is the greatest common factor of 9 and p?
1
Let d be (-48)/(-36)*3/4. Let n be (d/(-5))/(1/(-35)). Calculate the greatest common divisor of n and 56.
7
Suppose 30 = 3*g - 24. Suppose 2*h + 2*c - 22 = -3*h, 8 = 3*h - 4*c. Let s be (-2)/2 + h - -3. Calculate the greatest common factor of g and s.
6
Suppose y + 1 = 2*y. Let d be y/((-103)/26 + 4). What is the highest common divisor of 286 and d?
26
Suppose -5*s + 190 = -35. Suppose -7*r + 11 = -s. Calculate the greatest common factor of r and 4.
4
Let z be (6/15)/((-2)/(-1840)). Suppose -9*v + z = -7*v. Let a = v + -16. What is the highest common factor of 24 and a?
24
Suppose 0 = 592*b - 604*b + 360. What is the greatest common divisor of 50 and b?
10
Let w = -808 - -1474. What is the highest common divisor of w and 37?
37
Let p = -3648 + 5173. What is the highest common divisor of p and 50?
25
Let p be ((-30)/(-25))/((-1)/(-20)). Let y be (9/12)/(2/p). Let h be y*(30/9 - 2). Calculate the highest common divisor of 84 and h.
12
Let f(l) = 2*l**2 + 4*l - 6. Let b be f(-5). Suppose -2*q = q - 27. Suppose 2*p + q - 15 = 0. What is the greatest common factor of p and b?
3
Let z be (0 - 4)/1 - (-8 - 0). Suppose 212 = z*r - 168. Calculate the greatest common divisor of 38 and r.
19
Let b = 182 + -150. What is the highest common factor of 96 and b?
32
Suppose 2*o - u + 20 + 50 = 0, -3*o = 2*u + 91. Let t be (o/(-2))/((-2)/(-4)). Calculate the greatest common factor of 22 and t.
11
Suppose -1751*g = -1759*g + 4560. Calculate the highest common factor of 19 and g.
19
Let a(l) = -2*l**3 - 3*l**2 + 11*l + 6. Let z be a(-4). Suppose -4*g + 5*k + 61 = 0, -g + k = -3*k - 18. What is the greatest common factor of z and g?
14
Let o = -11 - -13. Suppose -50 = -o*x - 5*z + 155, -110 = -x + 5*z. Let v = x + -63. What is the greatest common divisor of v and 63?
21
Suppose 3*w = 9, -2*d - 22*w + 481 = -19*w. Calculate the highest common factor of d and 59.
59
Suppose 0*y = -2*y - 0*y. Suppose y - 58 = -2*o. What is the highest common divisor of o and 87?
29
Let v be -2 + 33/12 + (-570)/(-40). Calculate the greatest common factor of v and 1890.
15
Suppose 0 = -r + 996 + 508. Let p be (-3)/((-108)/r) - (-6)/27. What is the greatest common factor of p and 84?
42
Let o(w) = -33*w + 171. Let f be o(5). Suppose -4*s + 21 - 1 = 0, 4*s - 28 = -4*p. Suppose f*h - 420 = p*h. Calculate the highest common factor of 42 and h.
2